{"id":123,"date":"2020-02-04T08:32:15","date_gmt":"2020-02-04T11:32:15","guid":{"rendered":"https:\/\/www.dnssafety.com.br\/site\/?page_id=123"},"modified":"2020-02-26T15:47:01","modified_gmt":"2020-02-26T18:47:01","slug":"treinamentos","status":"publish","type":"page","link":"https:\/\/www.dnssafety.com.br\/site\/treinamentos\/","title":{"rendered":"Treinamentos"},"content":{"rendered":"<p>A DNS Safety realiza os mais diversos cursos e treinamentos voltados para as empresas de pequeno, m\u00e9dio e grande porte. Com conte\u00fado program\u00e1tico atualizado e diversificado dos temas a serem ministrados, o objetivo \u00e9 conscientizar a empresa e seus colaboradores quanto aos temas abordados.<\/p>\n<h2>Cursos e Treinamento Oferecidos<\/h2>\n<ul>\n<li>NR-01 Ordens de Servi\u00e7os \u201cTreinamento e orienta\u00e7\u00e3o nas OS de Seguran\u00e7a do Trabalho\u201d;<\/li>\n<li>NR-05 CIPA \u201cComiss\u00e3o Interna de Preven\u00e7\u00e3o de Acidentes\u201d \u2013 Forma\u00e7\u00e3o e treinamento da CIPA e sua SIPAT \u201cSemana Interna de Preven\u00e7\u00e3o de Acidentes\u201d;<\/li>\n<li>NR-06 EPI \u201cTreinamento de Equipamento de Prote\u00e7\u00e3o Individual\u201d;<\/li>\n<li>NR-10 \u201cTreinamento Seguran\u00e7a em Instala\u00e7\u00f5es e Servi\u00e7os em Eletricidade\u201d;<\/li>\n<li>NR-11 \u201cTreinamento em Movimenta\u00e7\u00e3o, Transporte e Armazenagem e Manuseio de Materiais\u201d \u2013 Empilhadeira, Talha El\u00e9trica, Talha Manual, Paleteira El\u00e9trica e Paleteira Manual;<\/li>\n<li>NR-12 \u201cTreinamento em M\u00e1quinas e Equipamentos\u201d;<\/li>\n<li>NR-13 \u201cTreinamento em Caldeiras e Vasos de Press\u00e3o\u201d;<\/li>\n<li>NR-17 \u201cTreinamento em Ergonomia\u201d;<\/li>\n<li>NR-20 \u201cTreinamento sobre L\u00edquidos e Combust\u00edveis Inflam\u00e1veis\u201d;<\/li>\n<li>NR-23 e IT 17 \u201cTreinamento de Brigada de Inc\u00eandio\u201d;<\/li>\n<li>NR-33 \u201cTreinamento em Espa\u00e7o Confinado\u201d;<\/li>\n<li>NR-35 \u201cTreinamento em Altura\u201d;<\/li>\n<li>PPR \u201cTreinamento em Prote\u00e7\u00e3o Respirat\u00f3ria\u201d;<\/li>\n<li>PCA \u201cTreinamento em Prote\u00e7\u00e3o Auditiva\u201d;<\/li>\n<li>Visual \u201cTreinamento em Prote\u00e7\u00e3o Visual\u201d;<\/li>\n<li>Pele \u201cTreinamento em Prote\u00e7\u00e3o da Pele\u201d;<\/li>\n<\/ul>\n<p><strong>A DNS Safety elabora e realiza treinamentos conforme a necessidade do cliente.<\/strong><\/p>\n","protected":false},"excerpt":{"rendered":"<p>A DNS Safety realiza os mais diversos cursos e treinamentos voltados para as empresas de pequeno, m\u00e9dio e grande porte. Com conte\u00fado program\u00e1tico atualizado e diversificado dos temas a serem ministrados, o objetivo \u00e9 conscientizar a empresa e seus colaboradores [&hellip;]<\/p>\n","protected":false},"author":1,"featured_media":0,"parent":0,"menu_order":0,"comment_status":"closed","ping_status":"closed","template":"full-width.php","meta":{"footnotes":""},"class_list":["post-123","page","type-page","status-publish","hentry"],"_links":{"self":[{"href":"https:\/\/www.dnssafety.com.br\/site\/wp-json\/wp\/v2\/pages\/123","targetHints":{"allow":["GET"]}}],"collection":[{"href":"https:\/\/www.dnssafety.com.br\/site\/wp-json\/wp\/v2\/pages"}],"about":[{"href":"https:\/\/www.dnssafety.com.br\/site\/wp-json\/wp\/v2\/types\/page"}],"author":[{"embeddable":true,"href":"https:\/\/www.dnssafety.com.br\/site\/wp-json\/wp\/v2\/users\/1"}],"replies":[{"embeddable":true,"href":"https:\/\/www.dnssafety.com.br\/site\/wp-json\/wp\/v2\/comments?post=123"}],"version-history":[{"count":7,"href":"https:\/\/www.dnssafety.com.br\/site\/wp-json\/wp\/v2\/pages\/123\/revisions"}],"predecessor-version":[{"id":178,"href":"https:\/\/www.dnssafety.com.br\/site\/wp-json\/wp\/v2\/pages\/123\/revisions\/178"}],"wp:attachment":[{"href":"https:\/\/www.dnssafety.com.br\/site\/wp-json\/wp\/v2\/media?parent=123"}],"curies":[{"name":"wp","href":"https:\/\/api.w.org\/{rel}","templated":true}]}}